{"id":43,"date":"2008-09-21T17:13:56","date_gmt":"2008-09-21T15:13:56","guid":{"rendered":"https:\/\/das-spielen.de\/?page_id=43"},"modified":"2013-01-27T20:17:22","modified_gmt":"2013-01-27T19:17:22","slug":"auszeichnungen","status":"publish","type":"page","link":"https:\/\/das-spielen.de\/index.php\/auszeichnungen\/","title":{"rendered":"Pr\u00e4dikate"},"content":{"rendered":"<p>Lorbeeren sind entweder w\u00f6rtlich zu nehmen oder durch passendes Spielmaterial des besprochenen Spiels repr\u00e4sentiert. Immer gleich ist folgender Bewertungsma\u00dfstab.<\/p>\n<p style=\"text-align: center;\"><img decoding=\"async\" class=\"aligncenter\" title=\"3 von 3 Lorbeeren\" src=\"https:\/\/das-spielen.de\/wordpress\/wp-content\/uploads\/2008\/09\/3von3.jpg\" alt=\"3 von 3 Lorbeeren\" \/><\/p>\n<div class=\"mceTemp\">Exzellente Spiele\u00a0werden mit <strong>drei Lorbeeren<\/strong> in Bl\u00e4ttern\u00a0ausgezeichnet. Spiele dieser G\u00fcteklasse gibt es sehr selten. Nur in ganz vorz\u00fcglichen Jahrg\u00e4ngen erscheinen mehr als eines oder zwei. F\u00fcr diese Auszeichnung muss sich ein Spiel erst bew\u00e4hren. Gut m\u00f6glich, dass wir erst nach einiger Zeit zur H\u00f6chstnote greifen. Logisch, dass wir dies gesondert kommentieren werden.<\/div>\n<div class=\"mceTemp\"><\/div>\n<p style=\"text-align: center;\"><img decoding=\"async\" class=\"aligncenter\" title=\"2 von 3 Lorbeeren\" src=\"https:\/\/das-spielen.de\/wordpress\/wp-content\/uploads\/2008\/09\/2von3.jpg\" alt=\"2 von 3 Lorbeeren\" \/><\/p>\n<div class=\"mceTemp\">Spielenswerte Spiele d\u00fcrfen sich mit <strong>zwei <\/strong>dieser Gew\u00fcrzbl\u00e4tter schm\u00fccken.\u00a0Es lohnt sich immer, die Rezensionen genauer zu lesen. Dort kann man herausfinden, was es so Empfehlenswertes an diesem Spiel gibt.<\/div>\n<p style=\"text-align: center;\"><img decoding=\"async\" class=\"aligncenter\" title=\"1 von 3 Lorbeeren\" src=\"https:\/\/das-spielen.de\/wordpress\/wp-content\/uploads\/2008\/09\/1von3.jpg\" alt=\"1 von 3 Lorbeeren\" \/><\/p>\n<div class=\"mceTemp\">Erscheint in einer Rezension <strong>ein <\/strong>Lorbeerblatt, so handelt es sich um ein durchschnittliches Spiel. Das kann man spielen, muss aber nicht. Wir kaufen auch Spiele mit einem Lorbeerblatt. Diese Kategorie ist also keine Warnung. H\u00f6chstens der Fingerzeig, bei der Besprechung genau hinzulesen. Oder auch nachzufragen,\u00a0es lebe die\u00a0Kommentarfunktion. Die meisten Spiele werden mit dieser Bewertung auskommen m\u00fcssen.<\/div>\n<p style=\"text-align: center;\"><img decoding=\"async\" class=\"aligncenter\" title=\"0 von 3 Lorbeeren\" src=\"https:\/\/das-spielen.de\/wordpress\/wp-content\/uploads\/2008\/09\/0von3.jpg\" alt=\"0 von 3 Lorbeeren\" \/><\/p>\n<p>Das <strong>durchgestrichene <\/strong>Lorbeerblatt kommt der Warnung schon n\u00e4her. Irgend etwas hakt bei diesem Spiel. Unsere Zielsetzung ist es, diese Probleme so pr\u00e4zise wie m\u00f6glich herauszuarbeiten.<\/p>\n<p>Pr\u00e4dikate mit Lorbeeren werden grunds\u00e4tzlich von <a title=\"\u00dcber uns\" href=\"https:\/\/das-spielen.de\/index.php\/impressumkontakt\/\">uns<\/a> gemeinsam vergeben. Wenn sie eine Mittelung darstellen, geben wir beide einen Kommentar ab, ansonsten darf der geneigte Leser getrost von einer einvernehmlichen inner-Nos&#8217;schen Bewertung ausgehen.<\/p>\n<p>Bitte nehmen Sie unsere Wertungslorbeeren\u00a0nicht zu ernst.\u00a0Wir wollen die Spiele damit nicht benoten, sondern\u00a0vielmehr\u00a0die\u00a0au\u00dfergew\u00f6hnlichen Spiele aus der Menge der guten Spiele hevorheben.\u00a0Als grobe Richtschnur vergeben wir:<\/p>\n<ul>\n<li><strong>0 von 3<\/strong>: Wenn Testrunden regelm\u00e4\u00dfig abgebrochen wurden, bzw. sich keine Mitspieler mehr finden lassen wollten.<\/li>\n<li><strong>1 von 3<\/strong>: F\u00fcr Spiele, die\u00a0durchaus gerne gespielt\u00a0wurden, nach Abschluss der Testserie aber nur noch selten zum Vorschein kommen. 90%\u00a0unserer Spiele trifft dieses Schicksal.\u00a0G\u00e4be es nicht so viele\u00a0Neuerscheinungen,\u00a0w\u00fcrden wir uns ihrer\u00a0\u00f6fters erinnern.<\/li>\n<li><strong>2 von 3<\/strong>:\u00a0F\u00fcr Spiele,\u00a0die &#8211; auch nachdem\u00a0die\u00a0Kritik geschrieben wurde &#8211;\u00a0noch h\u00e4ufiger gespielt werden.<\/li>\n<li><strong>3 von\u00a03<\/strong>: Die Handvoll Spiele, die auch noch nach Jahren mit Begeisterung empfohlen und wiedergespielt werden.<\/li>\n<\/ul>\n<p style=\"text-align: center;\"><img decoding=\"async\" class=\"aligncenter\" title=\"Pausentatze\" src=\"https:\/\/das-spielen.de\/wordpress\/wp-content\/uploads\/pausentatze.jpg\" alt=\"Pausentatze\" \/><\/p>\n<p><a name=\"pausentatze\"><\/a>Die\u00a0<strong>go\u00dfe Pausentatze<\/strong> (aus dem Spiel <a title=\"Link zu Snow Tails auf der verlagseigenen Homepage\" href=\"http:\/\/fragorgames.com\/snowtails.html\" target=\"_blank\">Snow Tails<\/a>) wird als Extrapr\u00e4dikat an Spiele vergeben, die aus unserer Erfahrung zum Gr\u00fcbeln einladen. Das Pr\u00e4dikat ist keine Wertung, eher eine Warnung.\u00a0Wir haben durchaus Spa\u00df an solchen Gr\u00fcbelspielen, doch wir wollen sie nicht in jeder Besetzung spielen.<\/p>\n<p style=\"text-align: center;\"><img decoding=\"async\" class=\"aligncenter\" title=\"Kinderspiel\" src=\"https:\/\/das-spielen.de\/wordpress\/wp-content\/uploads\/kind11.jpg\" alt=\"Kinderspiel\" \/><\/p>\n<p><strong>Kinderspiele<\/strong> werden von uns nicht bewertet. Wir wollen mit diesem Pr\u00e4dikat Kinderspiele w\u00fcrdigen, deren Originalit\u00e4t auch in einer Erwachsenenrunde f\u00fcr Aufsehen sorgen kann.<\/p>\n<p style=\"text-align: center;\"><img decoding=\"async\" class=\"aligncenter\" title=\"Sch\u00f6ngeist\" src=\"https:\/\/das-spielen.de\/wordpress\/wp-content\/uploads\/schoengeist.jpg\" alt=\"Sch\u00f6ngeist\" \/><\/p>\n<p>Wenn die \u00c4sthetik des Spielmaterials \u00fcber den normalen hohen Standard hinausgeht oder der Mechanismus Kreativit\u00e4t weckt, so vergeben wir den <strong>Sch\u00f6ngeist<\/strong>.<\/p>\n","protected":false},"excerpt":{"rendered":"<p>Lorbeeren sind entweder w\u00f6rtlich zu nehmen oder durch passendes Spielmaterial des besprochenen Spiels repr\u00e4sentiert. Immer gleich ist folgender Bewertungsma\u00dfstab. Exzellente Spiele\u00a0werden mit drei Lorbeeren in Bl\u00e4ttern\u00a0ausgezeichnet. Spiele dieser G\u00fcteklasse gibt es sehr selten. Nur in ganz vorz\u00fcglichen Jahrg\u00e4ngen erscheinen mehr als eines oder zwei. F\u00fcr diese Auszeichnung muss sich ein Spiel erst bew\u00e4hren. Gut m\u00f6glich, &hellip; <\/p>\n<p class=\"link-more\"><a href=\"https:\/\/das-spielen.de\/index.php\/auszeichnungen\/\" class=\"more-link\">Mehr <span class=\"screen-reader-text\">\u00fcber &#8222;Pr\u00e4dikate&#8220; <\/span>Lesen<\/a><\/p>\n","protected":false},"author":1,"featured_media":0,"parent":0,"menu_order":1,"comment_status":"open","ping_status":"open","template":"","meta":{"inspiro_hide_title":false,"footnotes":""},"class_list":["post-43","page","type-page","status-publish","hentry"],"_links":{"self":[{"href":"https:\/\/das-spielen.de\/index.php\/wp-json\/wp\/v2\/pages\/43","targetHints":{"allow":["GET"]}}],"collection":[{"href":"https:\/\/das-spielen.de\/index.php\/wp-json\/wp\/v2\/pages"}],"about":[{"href":"https:\/\/das-spielen.de\/index.php\/wp-json\/wp\/v2\/types\/page"}],"author":[{"embeddable":true,"href":"https:\/\/das-spielen.de\/index.php\/wp-json\/wp\/v2\/users\/1"}],"replies":[{"embeddable":true,"href":"https:\/\/das-spielen.de\/index.php\/wp-json\/wp\/v2\/comments?post=43"}],"version-history":[{"count":5,"href":"https:\/\/das-spielen.de\/index.php\/wp-json\/wp\/v2\/pages\/43\/revisions"}],"predecessor-version":[{"id":127,"href":"https:\/\/das-spielen.de\/index.php\/wp-json\/wp\/v2\/pages\/43\/revisions\/127"}],"wp:attachment":[{"href":"https:\/\/das-spielen.de\/index.php\/wp-json\/wp\/v2\/media?parent=43"}],"curies":[{"name":"wp","href":"https:\/\/api.w.org\/{rel}","templated":true}]}}