{"id":462,"date":"2008-10-11T18:43:20","date_gmt":"2008-10-11T17:43:20","guid":{"rendered":"https:\/\/das-spielen.de\/?page_id=462"},"modified":"2013-01-27T20:03:43","modified_gmt":"2013-01-27T19:03:43","slug":"messebericht-zur-spiel-08","status":"publish","type":"page","link":"https:\/\/das-spielen.de\/index.php\/messebericht-zur-spiel-08\/","title":{"rendered":"Messebericht zur Spiel &#8217;08"},"content":{"rendered":"<p>Wir berichten vor, w\u00e4hrend und nach der Spiel &#8217;08 in Essen. Alle Artikel rund um die Messe finden sich \u00fcber <a title=\"Alle Artikel zur Spiel '08\" href=\"https:\/\/das-spielen.de\/index.php\/tag\/spiel-08\/\"><strong>diesen Link<\/strong><\/a>.<\/p>\n<p><strong>Vor der Messe<\/strong>: Einige <em>Ersteindr\u00fccke<\/em> konnten wir bereits im Vorfeld der Messe gewinnen, vor allem von den Neuheiten der Verlage Amigo und Kosmos. Wohlgemerkt, bei den hier geschilderten Spielerfahrungen handelt es sich um eine kurze Schilderung und vorsichtige Einsch\u00e4tzung. Wie sich die Spiele auf Dauer bew\u00e4hren, muss noch in gen\u00fcgend zuk\u00fcnftigen Partien abgesichert werden.<\/p>\n<p>Vollst\u00e4ndige Rezensionen werden in den Tagen vor der Messe zu den Spielen <strong><a title=\"Zur Rezension von Arktia\" href=\"https:\/\/das-spielen.de\/index.php\/spiele\/arktia\/\">Arktia<\/a><\/strong>, <strong><a title=\"Rezension zu Sushizock im Gockelwok\" href=\"http:\/\/sunsite.informatik.rwth-aachen.de\/cgi-bin\/luding\/Redirect.py?f=00w^E4X&amp;URL=https:\/\/das-spielen.de\/index.php\/spiele\/sushizock-im-gockelwok\/\">Sushizock im Gockelwok<\/a><\/strong> und <strong>Zack &amp; Pack<\/strong> ver\u00f6ffentlicht.<\/p>\n<p><strong>W\u00e4hrend der Messe<\/strong>: Es lohnt sich, jeden Tag bei uns nachzulesen. Von unseren Rundg\u00e4ngen \u00fcber die Messe legen wir bis zum n\u00e4chsten Morgen um 10 Uhr &#8211; p\u00fcnktlich zur \u00d6ffnung der Tore &#8211; unsere aktuellen Schilderungen online.<\/p>\n<p><strong>Nach der Messe<\/strong>: Im Anschluss an die Messe schildern wir weitere Ersteindr\u00fccke der frisch erstandenen Neuheiten. Bis\u00c2\u00a0etwa zum\u00c2\u00a010. November schlie\u00dfen wir unseren Messebericht ab.<\/p>\n","protected":false},"excerpt":{"rendered":"<p>Wir berichten vor, w\u00e4hrend und nach der Spiel &#8217;08 in Essen. Alle Artikel rund um die Messe finden sich \u00fcber diesen Link. Vor der Messe: Einige Ersteindr\u00fccke konnten wir bereits im Vorfeld der Messe gewinnen, vor allem von den Neuheiten der Verlage Amigo und Kosmos. Wohlgemerkt, bei den hier geschilderten Spielerfahrungen handelt es sich um &hellip; <\/p>\n<p class=\"link-more\"><a href=\"https:\/\/das-spielen.de\/index.php\/messebericht-zur-spiel-08\/\" class=\"more-link\">Mehr <span class=\"screen-reader-text\">\u00fcber &#8222;Messebericht zur Spiel &#8217;08&#8220; <\/span>Lesen<\/a><\/p>\n","protected":false},"author":4,"featured_media":0,"parent":0,"menu_order":5,"comment_status":"open","ping_status":"closed","template":"","meta":{"inspiro_hide_title":false,"footnotes":""},"class_list":["post-462","page","type-page","status-publish","hentry"],"_links":{"self":[{"href":"https:\/\/das-spielen.de\/index.php\/wp-json\/wp\/v2\/pages\/462","targetHints":{"allow":["GET"]}}],"collection":[{"href":"https:\/\/das-spielen.de\/index.php\/wp-json\/wp\/v2\/pages"}],"about":[{"href":"https:\/\/das-spielen.de\/index.php\/wp-json\/wp\/v2\/types\/page"}],"author":[{"embeddable":true,"href":"https:\/\/das-spielen.de\/index.php\/wp-json\/wp\/v2\/users\/4"}],"replies":[{"embeddable":true,"href":"https:\/\/das-spielen.de\/index.php\/wp-json\/wp\/v2\/comments?post=462"}],"version-history":[{"count":5,"href":"https:\/\/das-spielen.de\/index.php\/wp-json\/wp\/v2\/pages\/462\/revisions"}],"predecessor-version":[{"id":8019,"href":"https:\/\/das-spielen.de\/index.php\/wp-json\/wp\/v2\/pages\/462\/revisions\/8019"}],"wp:attachment":[{"href":"https:\/\/das-spielen.de\/index.php\/wp-json\/wp\/v2\/media?parent=462"}],"curies":[{"name":"wp","href":"https:\/\/api.w.org\/{rel}","templated":true}]}}